{"id":5495,"date":"2023-10-17T15:46:57","date_gmt":"2023-10-17T15:46:57","guid":{"rendered":"https:\/\/francescoangelico.com\/event\/symphony-concert-48\/"},"modified":"2023-10-17T15:46:57","modified_gmt":"2023-10-17T15:46:57","slug":"symphony-concert-48","status":"publish","type":"tribe_events","link":"https:\/\/francescoangelico.com\/it\/event\/symphony-concert-48\/","title":{"rendered":"Symphony Concert"},"content":{"rendered":"<p>Mainfrankentheater W\u00fcrzburg,<\/p>\n<p><em>Clarinet: <\/em>Sharon Kam<\/p>\n<p>Philharmonisches Orchester W\u00fcrzburg<\/p>\n<p><strong>Louise Farrenc:<\/strong> Ouvert\u00fcre N.1 in e minor op.23<\/p>\n<p><strong>Wolfgang Amadeus Mozart:<\/strong> Concert for clarinet in A major KV622<\/p>\n<p><strong>Ferruccio Busoni:\u00a0<\/strong>Berceuse \u00e9l\u00e9giaque op.42<\/p>\n<p><strong>Dmitrij Dmitrievi\u010d \u0160ostakovi\u010d:<\/strong> Symphony N. 9 in E-flat major<\/p>\n","protected":false},"excerpt":{"rendered":"Mainfrankentheater W\u00fcrzburg, Clarinet: Sharon Kam Philharmonisches Orchester W\u00fcrzburg Louise Farrenc: Ouvert\u00fcre N.1 in e minor op.23 Wolfgang Amadeus Mozart: Concert for clarinet in A major KV622 Ferruccio Busoni:\u00a0Berceuse \u00e9l\u00e9giaque op.42&#8230; <a class=\"view-article\" href=\"https:\/\/francescoangelico.com\/it\/event\/symphony-concert-48\/\">Mostra articolo<\/a>","protected":false},"author":3,"featured_media":0,"template":"","meta":{"_acf_changed":false,"_tribe_events_status":"","_tribe_events_status_reason":"","footnotes":""},"tags":[],"tribe_events_cat":[],"class_list":["post-5495","tribe_events","type-tribe_events","status-publish","hentry"],"acf":[],"_links":{"self":[{"href":"https:\/\/francescoangelico.com\/it\/wp-json\/wp\/v2\/tribe_events\/5495","targetHints":{"allow":["GET"]}}],"collection":[{"href":"https:\/\/francescoangelico.com\/it\/wp-json\/wp\/v2\/tribe_events"}],"about":[{"href":"https:\/\/francescoangelico.com\/it\/wp-json\/wp\/v2\/types\/tribe_events"}],"author":[{"embeddable":true,"href":"https:\/\/francescoangelico.com\/it\/wp-json\/wp\/v2\/users\/3"}],"version-history":[{"count":0,"href":"https:\/\/francescoangelico.com\/it\/wp-json\/wp\/v2\/tribe_events\/5495\/revisions"}],"wp:attachment":[{"href":"https:\/\/francescoangelico.com\/it\/wp-json\/wp\/v2\/media?parent=5495"}],"wp:term":[{"taxonomy":"post_tag","embeddable":true,"href":"https:\/\/francescoangelico.com\/it\/wp-json\/wp\/v2\/tags?post=5495"},{"taxonomy":"tribe_events_cat","embeddable":true,"href":"https:\/\/francescoangelico.com\/it\/wp-json\/wp\/v2\/tribe_events_cat?post=5495"}],"curies":[{"name":"wp","href":"https:\/\/api.w.org\/{rel}","templated":true}]}}

<p>Mainfrankentheater Würzburg,</p>
<p><em>Clarinet: </em>Sharon Kam</p>
<p>Philharmonisches Orchester Würzburg</p>
<p><strong>Louise Farrenc:</strong> Ouvertüre N.1 in e minor op.23</p>
<p><strong>Wolfgang Amadeus Mozart:</strong> Concert for clarinet in A major KV622</p>
<p><strong>Ferruccio Busoni: </strong>Berceuse élégiaque op.42</p>
<p><strong>Dmitrij Dmitrievič Šostakovič:</strong> Symphony N. 9 in E-flat major</p>

Mainfrankentheater Würzburg, Clarinet: Sharon Kam Philharmonisches Orchester Würzburg Louise Farrenc: Ouvertüre N.1 in e minor op.23 Wolfgang Amadeus Mozart: Concert for clarinet in A major KV622 Ferruccio Busoni: Berceuse élégiaque op.42&#8230; <a class="view-article" href="https://francescoangelico.com/it/event/symphony-concert-48/">Mostra articolo</a>
